{"id":464,"date":"2023-11-20T19:22:58","date_gmt":"2023-11-20T19:22:58","guid":{"rendered":"https:\/\/sprachen-und-mehr.eu\/?page_id=464"},"modified":"2024-02-25T19:21:53","modified_gmt":"2024-02-25T19:21:53","slug":"zoll","status":"publish","type":"page","link":"https:\/\/sprachen-und-mehr.eu\/?page_id=464","title":{"rendered":"Zoll &#8211; Customs-Competence-Center &#8211;                            als zertifizierte Zollbeauftragte unterst\u00fctze ich Sie gerne"},"content":{"rendered":"\n<p><\/p>\n\n\n<div class=\"wp-block-image\">\n<figure class=\"alignleft size-large is-resized\"><a href=\"http:\/\/sprachen-und-mehr.eu\/wp-content\/uploads\/2024\/01\/ZollDouane.png\"><img loading=\"lazy\" decoding=\"async\" width=\"1024\" height=\"1024\" src=\"http:\/\/sprachen-und-mehr.eu\/wp-content\/uploads\/2024\/01\/ZollDouane-1024x1024.png\" alt=\"\" class=\"wp-image-484\" style=\"width:180px;height:180px\" srcset=\"https:\/\/sprachen-und-mehr.eu\/wp-content\/uploads\/2024\/01\/ZollDouane-1024x1024.png 1024w, https:\/\/sprachen-und-mehr.eu\/wp-content\/uploads\/2024\/01\/ZollDouane-300x300.png 300w, https:\/\/sprachen-und-mehr.eu\/wp-content\/uploads\/2024\/01\/ZollDouane-150x150.png 150w, https:\/\/sprachen-und-mehr.eu\/wp-content\/uploads\/2024\/01\/ZollDouane-768x768.png 768w, https:\/\/sprachen-und-mehr.eu\/wp-content\/uploads\/2024\/01\/ZollDouane.png 1200w\" sizes=\"(max-width: 1024px) 100vw, 1024px\" \/><\/a><\/figure><\/div>\n\n\n<p><\/p>\n\n\n\n<p>Deutschland ist eine Exportnation. Haben auch Sie Ware in Drittl\u00e4nder zu versenden und ben\u00f6tigen Unterst\u00fctzung? Auch Importe m\u00fcssen rechtssicher durchgef\u00fchrt werden.<\/p>\n\n\n\n<p><\/p>\n\n\n\n<p><\/p>\n\n\n\n<ul>\n<li>Gerne erledige ich f\u00fcr Sie die Zollanmeldungen nach AES 3.0.<\/li>\n\n\n\n<li>Nutzen Sie &#8211; wenn m\u00f6glich &#8211; das Pr\u00e4ferenzrecht, dadurch k\u00f6nnen Ihre Kunden ggf. Zoll sparen. Die Berechnung gem\u00e4\u00df WuP f\u00fchre ich gerne f\u00fcr Sie durch.<\/li>\n\n\n\n<li>Ursprungszeugnisse &#8211; was ist zu beachten?<\/li>\n\n\n\n<li>Ihre Mitarbeiter brauchen Unterst\u00fctzung bei Auftragsanlage f\u00fcr Drittl\u00e4nder, besonders bei Dreiecksgesch\u00e4ften. Kontaktieren Sie mich &#8211; gerne kann ich die entsprechenden (Kurz-) Schulungen halten.<\/li>\n\n\n\n<li>Incoterm &#8211; muss kein Buch mit sieben Siegeln sein.<\/li>\n<\/ul>\n\n\n\n<figure class=\"wp-block-gallery has-nested-images columns-default is-cropped wp-block-gallery-1 is-layout-flex wp-block-gallery-is-layout-flex\">\n<figure class=\"wp-block-image size-large\"><a href=\"https:\/\/sprachen-und-mehr.eu\/wp-content\/uploads\/2024\/02\/Ursprungszeugnis.png\"><img loading=\"lazy\" decoding=\"async\" width=\"687\" height=\"1024\" data-id=\"513\" src=\"https:\/\/sprachen-und-mehr.eu\/wp-content\/uploads\/2024\/02\/Ursprungszeugnis-687x1024.png\" alt=\"\" class=\"wp-image-513\" srcset=\"https:\/\/sprachen-und-mehr.eu\/wp-content\/uploads\/2024\/02\/Ursprungszeugnis-687x1024.png 687w, https:\/\/sprachen-und-mehr.eu\/wp-content\/uploads\/2024\/02\/Ursprungszeugnis-201x300.png 201w, https:\/\/sprachen-und-mehr.eu\/wp-content\/uploads\/2024\/02\/Ursprungszeugnis-768x1145.png 768w, https:\/\/sprachen-und-mehr.eu\/wp-content\/uploads\/2024\/02\/Ursprungszeugnis.png 824w\" sizes=\"(max-width: 687px) 100vw, 687px\" \/><\/a><\/figure>\n\n\n\n<figure class=\"wp-block-image size-large\"><a href=\"https:\/\/sprachen-und-mehr.eu\/wp-content\/uploads\/2024\/02\/EUR_1.png\"><img loading=\"lazy\" decoding=\"async\" width=\"726\" height=\"1024\" data-id=\"512\" src=\"https:\/\/sprachen-und-mehr.eu\/wp-content\/uploads\/2024\/02\/EUR_1-726x1024.png\" alt=\"\" class=\"wp-image-512\" srcset=\"https:\/\/sprachen-und-mehr.eu\/wp-content\/uploads\/2024\/02\/EUR_1-726x1024.png 726w, https:\/\/sprachen-und-mehr.eu\/wp-content\/uploads\/2024\/02\/EUR_1-213x300.png 213w, https:\/\/sprachen-und-mehr.eu\/wp-content\/uploads\/2024\/02\/EUR_1-768x1083.png 768w, https:\/\/sprachen-und-mehr.eu\/wp-content\/uploads\/2024\/02\/EUR_1.png 890w\" sizes=\"(max-width: 726px) 100vw, 726px\" \/><\/a><\/figure>\n\n\n\n<figure class=\"wp-block-image size-large\"><a href=\"https:\/\/sprachen-und-mehr.eu\/wp-content\/uploads\/2024\/02\/A_TR.png\"><img loading=\"lazy\" decoding=\"async\" width=\"714\" height=\"1024\" data-id=\"511\" src=\"https:\/\/sprachen-und-mehr.eu\/wp-content\/uploads\/2024\/02\/A_TR-714x1024.png\" alt=\"\" class=\"wp-image-511\" srcset=\"https:\/\/sprachen-und-mehr.eu\/wp-content\/uploads\/2024\/02\/A_TR-714x1024.png 714w, https:\/\/sprachen-und-mehr.eu\/wp-content\/uploads\/2024\/02\/A_TR-209x300.png 209w, https:\/\/sprachen-und-mehr.eu\/wp-content\/uploads\/2024\/02\/A_TR-768x1101.png 768w, https:\/\/sprachen-und-mehr.eu\/wp-content\/uploads\/2024\/02\/A_TR.png 876w\" sizes=\"(max-width: 714px) 100vw, 714px\" \/><\/a><\/figure>\n<\/figure>\n\n\n\n<p><\/p>\n\n\n\n<p class=\"has-black-color has-text-color\">Gerne unterst\u00fctze ich Sie beim Aufbau Ihres <strong>Customs &#8211; Competence  &#8211; Centers<\/strong><\/p>\n\n\n\n<p>Sprechen Sie mich an<\/p>\n\n\n\n<hr class=\"wp-block-separator has-alpha-channel-opacity is-style-wide\"\/>\n\n\n\n<p>Tel.: 0172 213 66 45 &#8211; Valeria Christ<\/p>\n\n\n\n<p><\/p>\n","protected":false},"excerpt":{"rendered":"<p>Deutschland ist eine Exportnation. Haben auch Sie Ware in Drittl\u00e4nder zu versenden und ben\u00f6tigen Unterst\u00fctzung? Auch Importe m\u00fcssen rechtssicher durchgef\u00fchrt werden. Gerne unterst\u00fctze ich Sie beim Aufbau Ihres Customs &#8211; Competence &#8211; Centers Sprechen Sie mich an Tel.: 0172 213 66 45 &#8211; Valeria Christ<\/p>\n","protected":false},"author":1,"featured_media":0,"parent":0,"menu_order":31,"comment_status":"closed","ping_status":"closed","template":"","meta":{"footnotes":""},"_links":{"self":[{"href":"https:\/\/sprachen-und-mehr.eu\/index.php?rest_route=\/wp\/v2\/pages\/464"}],"collection":[{"href":"https:\/\/sprachen-und-mehr.eu\/index.php?rest_route=\/wp\/v2\/pages"}],"about":[{"href":"https:\/\/sprachen-und-mehr.eu\/index.php?rest_route=\/wp\/v2\/types\/page"}],"author":[{"embeddable":true,"href":"https:\/\/sprachen-und-mehr.eu\/index.php?rest_route=\/wp\/v2\/users\/1"}],"replies":[{"embeddable":true,"href":"https:\/\/sprachen-und-mehr.eu\/index.php?rest_route=%2Fwp%2Fv2%2Fcomments&post=464"}],"version-history":[{"count":14,"href":"https:\/\/sprachen-und-mehr.eu\/index.php?rest_route=\/wp\/v2\/pages\/464\/revisions"}],"predecessor-version":[{"id":515,"href":"https:\/\/sprachen-und-mehr.eu\/index.php?rest_route=\/wp\/v2\/pages\/464\/revisions\/515"}],"wp:attachment":[{"href":"https:\/\/sprachen-und-mehr.eu\/index.php?rest_route=%2Fwp%2Fv2%2Fmedia&parent=464"}],"curies":[{"name":"wp","href":"https:\/\/api.w.org\/{rel}","templated":true}]}}

Zoll &#8211; Customs-Competence-Center &#8211;                            als zertifizierte Zollbeauftragte unterstütze ich Sie gerne

<p></p>


<div class="wp-block-image">
<figure class="alignleft size-large is-resized"><a href="http://sprachen-und-mehr.eu/wp-content/uploads/2024/01/ZollDouane.png"><img loading="lazy" decoding="async" width="1024" height="1024" src="http://sprachen-und-mehr.eu/wp-content/uploads/2024/01/ZollDouane-1024x1024.png" alt="" class="wp-image-484" style="width:180px;height:180px" srcset="https://sprachen-und-mehr.eu/wp-content/uploads/2024/01/ZollDouane-1024x1024.png 1024w, https://sprachen-und-mehr.eu/wp-content/uploads/2024/01/ZollDouane-300x300.png 300w, https://sprachen-und-mehr.eu/wp-content/uploads/2024/01/ZollDouane-150x150.png 150w, https://sprachen-und-mehr.eu/wp-content/uploads/2024/01/ZollDouane-768x768.png 768w, https://sprachen-und-mehr.eu/wp-content/uploads/2024/01/ZollDouane.png 1200w" sizes="(max-width: 1024px) 100vw, 1024px" /></a></figure></div>


<p></p>



<p>Deutschland ist eine Exportnation. Haben auch Sie Ware in Drittländer zu versenden und benötigen Unterstützung? Auch Importe müssen rechtssicher durchgeführt werden.</p>



<p></p>



<p></p>



<ul>
<li>Gerne erledige ich für Sie die Zollanmeldungen nach AES 3.0.</li>



<li>Nutzen Sie &#8211; wenn möglich &#8211; das Präferenzrecht, dadurch können Ihre Kunden ggf. Zoll sparen. Die Berechnung gemäß WuP führe ich gerne für Sie durch.</li>



<li>Ursprungszeugnisse &#8211; was ist zu beachten?</li>



<li>Ihre Mitarbeiter brauchen Unterstützung bei Auftragsanlage für Drittländer, besonders bei Dreiecksgeschäften. Kontaktieren Sie mich &#8211; gerne kann ich die entsprechenden (Kurz-) Schulungen halten.</li>



<li>Incoterm &#8211; muss kein Buch mit sieben Siegeln sein.</li>
</ul>



<figure class="wp-block-gallery has-nested-images columns-default is-cropped wp-block-gallery-1 is-layout-flex wp-block-gallery-is-layout-flex">
<figure class="wp-block-image size-large"><a href="https://sprachen-und-mehr.eu/wp-content/uploads/2024/02/Ursprungszeugnis.png"><img loading="lazy" decoding="async" width="687" height="1024" data-id="513" src="https://sprachen-und-mehr.eu/wp-content/uploads/2024/02/Ursprungszeugnis-687x1024.png" alt="" class="wp-image-513" srcset="https://sprachen-und-mehr.eu/wp-content/uploads/2024/02/Ursprungszeugnis-687x1024.png 687w, https://sprachen-und-mehr.eu/wp-content/uploads/2024/02/Ursprungszeugnis-201x300.png 201w, https://sprachen-und-mehr.eu/wp-content/uploads/2024/02/Ursprungszeugnis-768x1145.png 768w, https://sprachen-und-mehr.eu/wp-content/uploads/2024/02/Ursprungszeugnis.png 824w" sizes="(max-width: 687px) 100vw, 687px" /></a></figure>



<figure class="wp-block-image size-large"><a href="https://sprachen-und-mehr.eu/wp-content/uploads/2024/02/EUR_1.png"><img loading="lazy" decoding="async" width="726" height="1024" data-id="512" src="https://sprachen-und-mehr.eu/wp-content/uploads/2024/02/EUR_1-726x1024.png" alt="" class="wp-image-512" srcset="https://sprachen-und-mehr.eu/wp-content/uploads/2024/02/EUR_1-726x1024.png 726w, https://sprachen-und-mehr.eu/wp-content/uploads/2024/02/EUR_1-213x300.png 213w, https://sprachen-und-mehr.eu/wp-content/uploads/2024/02/EUR_1-768x1083.png 768w, https://sprachen-und-mehr.eu/wp-content/uploads/2024/02/EUR_1.png 890w" sizes="(max-width: 726px) 100vw, 726px" /></a></figure>



<figure class="wp-block-image size-large"><a href="https://sprachen-und-mehr.eu/wp-content/uploads/2024/02/A_TR.png"><img loading="lazy" decoding="async" width="714" height="1024" data-id="511" src="https://sprachen-und-mehr.eu/wp-content/uploads/2024/02/A_TR-714x1024.png" alt="" class="wp-image-511" srcset="https://sprachen-und-mehr.eu/wp-content/uploads/2024/02/A_TR-714x1024.png 714w, https://sprachen-und-mehr.eu/wp-content/uploads/2024/02/A_TR-209x300.png 209w, https://sprachen-und-mehr.eu/wp-content/uploads/2024/02/A_TR-768x1101.png 768w, https://sprachen-und-mehr.eu/wp-content/uploads/2024/02/A_TR.png 876w" sizes="(max-width: 714px) 100vw, 714px" /></a></figure>
</figure>



<p></p>



<p class="has-black-color has-text-color">Gerne unterstütze ich Sie beim Aufbau Ihres <strong>Customs &#8211; Competence  &#8211; Centers</strong></p>



<p>Sprechen Sie mich an</p>



<hr class="wp-block-separator has-alpha-channel-opacity is-style-wide"/>



<p>Tel.: 0172 213 66 45 &#8211; Valeria Christ</p>



<p></p>

<p>Deutschland ist eine Exportnation. Haben auch Sie Ware in Drittländer zu versenden und benötigen Unterstützung? Auch Importe müssen rechtssicher durchgeführt werden. Gerne unterstütze ich Sie beim Aufbau Ihres Customs &#8211; Competence &#8211; Centers Sprechen Sie mich an Tel.: 0172 213 66 45 &#8211; Valeria Christ</p>
