{"id":335,"date":"2020-05-24T11:17:49","date_gmt":"2020-05-24T11:17:49","guid":{"rendered":"http:\/\/sprachen-und-mehr.eu\/?page_id=335"},"modified":"2023-12-28T19:37:25","modified_gmt":"2023-12-28T19:37:25","slug":"franzoesisch","status":"publish","type":"page","link":"https:\/\/sprachen-und-mehr.eu\/?page_id=335","title":{"rendered":"Franz\u00f6sisch"},"content":{"rendered":"<p><span style=\"text-decoration: underline; color: #ff0000;\"><strong><a href=\"http:\/\/sprachen-und-mehr.eu\/wp-content\/uploads\/2012\/08\/France.jpg\"><img loading=\"lazy\" decoding=\"async\" class=\"alignnone size-full wp-image-54\" title=\"France\" src=\"http:\/\/sprachen-und-mehr.eu\/wp-content\/uploads\/2012\/08\/France.jpg\" alt=\"Hemdchen\" width=\"60\" height=\"60\" \/><\/a>Franz\u00f6sisch<\/strong><\/span><\/p>\n<p><strong><span style=\"color: #0000ff;\"><strong><strong>Einzelunterricht <\/strong><\/strong><\/span><br \/>\n<\/strong><\/p>\n<p>Vorteile: der Unterricht wird genau auf <span style=\"text-decoration: underline;\">Ihre Bed\u00fcrfnisse und W\u00fcnsche<\/span> abgestimmt. Brauchen Sie eine Wiederholung der gesamten Grammatik oder muss der m\u00fcndliche und\/oder schriftliche Ausdruck verbessert werden? Es gibt zahlreiche Texte, \u00dcbungen und H\u00f6rverstehtexte, die Ihrem Niveau entsprechen. Bis Niveaustufe B2 nach ERR.<\/p>\n<p>Termine: nach Vereinbarung<\/p>\n<p><strong><span style=\"color: #ff0000;\">Grammatik und Konversationskurs<br \/>\n<\/span><\/strong><\/p>\n<p>Es werden die Grundlagen gelegt und wiederholt.<\/p>\n<p>Zeitungsberichte und (H\u00f6r-) Texte und \u00dcbungen runden den Unterricht ab.<\/p>\n<p>_________________________________________________________________________________________________<\/p>\n<p>Tel. Nr. 0172 213 66 45 (ab 18:00 Uhr)<\/p>\n<p>Ich bin <span style=\"text-decoration: underline;\">jederzeit per Mail<\/span> erreichbar! vch@sprachen-und-mehr.eu<\/p>\n","protected":false},"excerpt":{"rendered":"<p>Franz\u00f6sisch Einzelunterricht Vorteile: der Unterricht wird genau auf Ihre Bed\u00fcrfnisse und W\u00fcnsche abgestimmt. Brauchen Sie eine Wiederholung der gesamten Grammatik oder muss der m\u00fcndliche und\/oder schriftliche Ausdruck verbessert werden? Es gibt zahlreiche Texte, \u00dcbungen und H\u00f6rverstehtexte, die Ihrem Niveau entsprechen. Bis Niveaustufe B2 nach ERR. Termine: nach Vereinbarung Grammatik und Konversationskurs Es werden die Grundlagen [&hellip;]<\/p>\n","protected":false},"author":3,"featured_media":0,"parent":0,"menu_order":6,"comment_status":"closed","ping_status":"closed","template":"","meta":{"footnotes":""},"_links":{"self":[{"href":"https:\/\/sprachen-und-mehr.eu\/index.php?rest_route=\/wp\/v2\/pages\/335"}],"collection":[{"href":"https:\/\/sprachen-und-mehr.eu\/index.php?rest_route=\/wp\/v2\/pages"}],"about":[{"href":"https:\/\/sprachen-und-mehr.eu\/index.php?rest_route=\/wp\/v2\/types\/page"}],"author":[{"embeddable":true,"href":"https:\/\/sprachen-und-mehr.eu\/index.php?rest_route=\/wp\/v2\/users\/3"}],"replies":[{"embeddable":true,"href":"https:\/\/sprachen-und-mehr.eu\/index.php?rest_route=%2Fwp%2Fv2%2Fcomments&post=335"}],"version-history":[{"count":9,"href":"https:\/\/sprachen-und-mehr.eu\/index.php?rest_route=\/wp\/v2\/pages\/335\/revisions"}],"predecessor-version":[{"id":472,"href":"https:\/\/sprachen-und-mehr.eu\/index.php?rest_route=\/wp\/v2\/pages\/335\/revisions\/472"}],"wp:attachment":[{"href":"https:\/\/sprachen-und-mehr.eu\/index.php?rest_route=%2Fwp%2Fv2%2Fmedia&parent=335"}],"curies":[{"name":"wp","href":"https:\/\/api.w.org\/{rel}","templated":true}]}}