{"id":2,"date":"2012-07-10T16:19:29","date_gmt":"2012-07-10T16:19:29","guid":{"rendered":"http:\/\/sprachen-und-mehr.eu\/?page_id=2"},"modified":"2024-01-01T20:23:29","modified_gmt":"2024-01-01T20:23:29","slug":"sample-page","status":"publish","type":"page","link":"https:\/\/sprachen-und-mehr.eu\/?page_id=2","title":{"rendered":"Allgemeines"},"content":{"rendered":"<p><img loading=\"lazy\" decoding=\"async\" class=\"alignleft wp-image-415 size-medium\" src=\"http:\/\/sprachen-und-mehr.eu\/wp-content\/uploads\/2020\/07\/Buecher-200x300.jpg\" alt=\"\" width=\"200\" height=\"300\" srcset=\"https:\/\/sprachen-und-mehr.eu\/wp-content\/uploads\/2020\/07\/Buecher-200x300.jpg 200w, https:\/\/sprachen-und-mehr.eu\/wp-content\/uploads\/2020\/07\/Buecher.jpg 666w\" sizes=\"(max-width: 200px) 100vw, 200px\" \/><span style=\"color: #ff0000;\"><strong>Sprachen und mehr&#8230;..<\/strong><\/span><strong>\u00a0<\/strong><\/p>\n<p><strong>Spezialistin f\u00fcr Onlinekurse<\/strong><\/p>\n<p><strong>Individualkurse &#8211; Intensivunterricht<\/strong><\/p>\n<p>Alle B\u00fccher und Unterlagen sind sowohl f\u00fcr Pr\u00e4senzunterricht als auch f\u00fcr den Online-Unterricht erstellt. Die Unterrichtseinheiten werden mit weiteren praktischen \u00dcbungen und H\u00f6rtexten bei Bedarf erweitert.<br \/>\n<strong>Vorteile:<\/strong><\/p>\n<table>\n<tbody>\n<tr>\n<td>\n<ul>\n<li>bequem von zu Hause lernen<\/li>\n<li>moderne Lehrb\u00fccher<\/li>\n<li>pers\u00f6nlicher engagierter Unterricht<\/li>\n<li>keine Fahrtzeit, keine Parkplatzsuche<\/li>\n<li>&#8230;<\/li>\n<\/ul>\n<\/td>\n<\/tr>\n<\/tbody>\n<\/table>\n<p><span style=\"text-decoration: underline; color: #0000ff;\"><strong>Vereinbaren Sie eine kostenfreie Probestunde &#8211; lernen Sie diese M\u00f6glichkeit des Sprachenlernens kennen &#8211; es wird Sie \u00fcberzeugen<br \/>\n<\/strong><\/span><\/p>\n<p>&#8212;<br \/>\n<span style=\"color: #000000;\">Nach Anmeldung erhalten Sie eine Rechnung. <strong>Es wird keine MwSt ausgewiesen.<\/strong><\/span><\/p>\n","protected":false},"excerpt":{"rendered":"<p>Sprachen und mehr&#8230;..\u00a0 Spezialistin f\u00fcr Onlinekurse Individualkurse &#8211; Intensivunterricht Alle B\u00fccher und Unterlagen sind sowohl f\u00fcr Pr\u00e4senzunterricht als auch f\u00fcr den Online-Unterricht erstellt. Die Unterrichtseinheiten werden mit weiteren praktischen \u00dcbungen und H\u00f6rtexten bei Bedarf erweitert. Vorteile: bequem von zu Hause lernen moderne Lehrb\u00fccher pers\u00f6nlicher engagierter Unterricht keine Fahrtzeit, keine Parkplatzsuche &#8230; Vereinbaren Sie eine kostenfreie [&hellip;]<\/p>\n","protected":false},"author":1,"featured_media":0,"parent":0,"menu_order":1,"comment_status":"closed","ping_status":"closed","template":"","meta":{"footnotes":""},"_links":{"self":[{"href":"https:\/\/sprachen-und-mehr.eu\/index.php?rest_route=\/wp\/v2\/pages\/2"}],"collection":[{"href":"https:\/\/sprachen-und-mehr.eu\/index.php?rest_route=\/wp\/v2\/pages"}],"about":[{"href":"https:\/\/sprachen-und-mehr.eu\/index.php?rest_route=\/wp\/v2\/types\/page"}],"author":[{"embeddable":true,"href":"https:\/\/sprachen-und-mehr.eu\/index.php?rest_route=\/wp\/v2\/users\/1"}],"replies":[{"embeddable":true,"href":"https:\/\/sprachen-und-mehr.eu\/index.php?rest_route=%2Fwp%2Fv2%2Fcomments&post=2"}],"version-history":[{"count":47,"href":"https:\/\/sprachen-und-mehr.eu\/index.php?rest_route=\/wp\/v2\/pages\/2\/revisions"}],"predecessor-version":[{"id":498,"href":"https:\/\/sprachen-und-mehr.eu\/index.php?rest_route=\/wp\/v2\/pages\/2\/revisions\/498"}],"wp:attachment":[{"href":"https:\/\/sprachen-und-mehr.eu\/index.php?rest_route=%2Fwp%2Fv2%2Fmedia&parent=2"}],"curies":[{"name":"wp","href":"https:\/\/api.w.org\/{rel}","templated":true}]}}